he units digit of 423?
3
What is the hundreds digit of 1031?
0
What is the units digit of 1981?
1
What is the units digit of 2906?
6
What is the thousands digit of 11354?
1
What is the units digit of 51107?
7
What is the thousands digit of 17281?
7
What is the tens digit of 8801?
0
What is the hundred thousands digit of 150953?
1
What is the tens digit of 8533?
3
What is the ten thousands digit of 26016?
2
What is the hundred thousands digit of 106955?
1
What is the hundreds digit of 15193?
1
What is the units digit of 2479?
9
What is the ten thousands digit of 27355?
2
What is the units digit of 735?
5
What is the thousands digit of 1677?
1
What is the ten thousands digit of 49915?
4
What is the units digit of 542?
2
What is the units digit of 764?
4
What is the units digit of 65220?
0
What is the units digit of 2283?
3
What is the units digit of 76164?
4
What is the thousands digit of 56864?
6
What is the hundreds digit of 3021?
0
What is the hundreds digit of 7762?
7
What is the tens digit of 58?
5
What is the hundred thousands digit of 108105?
1
What is the hundreds digit of 2669?
6
What is the tens digit of 720?
2
What is the tens digit of 3187?
8
What is the units digit of 88485?
5
What is the units digit of 13509?
9
What is the hundreds digit of 3565?
5
What is the tens digit of 1581?
8
What is the thousands digit of 4566?
4
What is the tens digit of 37303?
0
What is the thousands digit of 31007?
1
What is the tens digit of 1819?
1
What is the hundreds digit of 23677?
6
What is the hundreds digit of 476?
4
What is the thousands digit of 6171?
6
What is the units digit of 742?
2
What is the units digit of 21361?
1
What is the thousands digit of 8644?
8
What is the ten thousands digit of 64828?
6
What is the thousands digit of 7889?
7
What is the tens digit of 956?
5
What is the hundreds digit of 312?
3
What is the units digit of 2451?
1
What is the units digit of 489?
9
What is the units digit of 887?
7
What is the thousands digit of 32287?
2
What is the tens digit of 103?
0
What is the tens digit of 5526?
2
What is the units digit of 3576?
6
What is the tens digit of 5772?
7
What is the units digit of 609?
9
What is the ten thousands digit of 18259?
1
What is the units digit of 10664?
4
What is the units digit of 2422?
2
What is the units digit of 22770?
0
What is the units digit of 1655?
5
What is the hundreds digit of 5228?
2
What is the units digit of 18335?
5
What is the hundreds digit of 854?
8
What is the tens digit of 1233?
3
What is the hundreds digit of 21145?
1
What is the hundreds digit of 208?
2
What is the tens digit of 6777?
7
What is the units digit of 4791?
1
What is the thousands digit of 1086?
1
What is the tens digit of 20579?
7
What is the tens digit of 1442?
4
What is the tens digit of 176340?
4
What is the tens digit of 19421?
2
What is the units digit of 1134?
4
What is the hundreds digit of 1031?
0
What is the thousands digit of 34646?
4
What is the tens digit of 4313?
1
What is the thousands digit of 9671?
9
What is the tens digit of 818?
1
What is the units digit of 1186?
6
What is the thousands digit of 1948?
1
What is the tens digit of 5278?
7
What is the thousands digit of 33005?
3
What is the tens digit of 994?
9
What is the tens digit of 12767?
6
What is the units digit of 4665?
5
What is the thousands digit of 8198?
8
What is the units digit of 131936?
6
What is the tens digit of 1396?
9
What is the tens digit of 2845?
4
What is the hundreds digit of 793?
7
What is the hundreds digit of 36067?
0
What is the units digit of 480?
0
What is the units digit of 17548?
8
What is the units digit of 3707?
7
What is the thousands digit of 1347?
1
What is the tens digit of 1246?
4
What is the tens digit of 146?
4
What is the tens digit of 7669?
6
What is the tens digit of 33926?
2
What is the tens digit of 3771?
7
What is the thousands digit of 3432?
3
What is the hundreds digit of 142?
1
What is the thousands digit of 55239?
5
What is the thousands digit of 18215?
8
What is the units digit of 3357?
7
What is the units digit of 45267?
7
What is the tens digit of 664?
6
What is the hundreds digit of 4559?
5
What is the hundreds digit of 74828?
8
What is the hundreds digit of 824?
8
What is the hundreds digit of 30814?
8
What is the thousands digit of 4076?
4
What is the tens digit of 2476?
7
What is the thousands digit of 50483?
0
What is the hundreds digit of 272?
2
What is the ten thousands digit of 15914?
1
What is the hundreds digit of 587?
5
What is the tens digit of 10?
1
What is the hundred thousands digit of 109351?
1
What is the thousands digit of 66877?
6
What is the tens digit of 12507?
0
What is the tens digit of 1808?
0
What is the thousands digit of 4944?
4
What is the thousands digit of 53509?
3
What is the units digit of 1137?
7
What is the hundreds digit of 1406?
4
What is the units digit of 1738?
8
What is the hundreds digit of 4029?
0
What is the thousands digit of 76040?
6
What is the units digit of 3630?
0
What is the tens digit of 2361?
6
What is the hundreds digit of 563?
5
What is the hundreds digit of 1230?
2
What is the hundreds digit of 724?
7
What is the hundreds digit of 43562?
5
What is the ten thousands digit of 12358?
1
What is the hundreds digit of 1754?
7
What is the thousands digit of 2148?
2
What is the thousands digit of 11754?
1
What is the tens digit of 6081?
8
What is the units digit of 314?
4
What is the thousands digit of 6689?
6
What is the thousands digit of 6468?
6
What is the thousands digit of 20681?
0
What is the tens digit of 53113?
1
What is the hundreds digit of 2417?
4
What is the tens digit of 21493?
9
What is the units digit of 4032?
2
What is the thousands digit of 1213?
1
What is the tens digit of 406?
0
What is the tens digit of 2379?
7
What is the hundreds digit of 414?
4
What is the thousands digit of 2613?
2
What is the ten thousands digit of 42347?
4
What is the tens digit of 328?
2
What is the units digit of 16745?
5
What is the hundreds digit of 375?
3
What is the ten thousands digit of 11297?
1
What is the tens digit of 315?
1
What is the tens digit of 11651?
5
What is the tens digit of 309?
0
What is the hundreds digit of 42881?
8
What is the thousands digit of 43908?
3
What is the tens digit of 17494?
9
What is the units digit of 24994?
4
What is the units digit of 1941?
1
What is the tens digit of 17186?
8
What is the hundreds digit of 809?
8
What is the thousands digit of 2808?
2
What is the tens digit of 368?
6
What is the hundreds digit of 13726?
7
What is the thousands digit of 1803?
1
What is the thousands digit of 61918?
1
What is the ten thousands digit of 30708?
3
What is the thousands digit of 5944?
5
What is the units digit of 6166?
6
What is the units digit of 516?
6
What is the tens digit of 454?
5
What is the tens digit of 2403?
0
What is the hundreds digit of 398?
3
What is the thousands digit of 11369?
1
What is the thousands digit of 37173?
7
What is the hundreds digit of 449?
4
What is the thousands digit of 42115?
2
What is the tens digit of 4842?
4
What is the tens digit of 793?
9
What is the units digit of 37493?
3
What is the hundreds digit of 734?
7
What is the ten thousands digit of 14684?
1
What is the hundreds digit of 4261?
2
What is the tens digit of 8495?
9
What is the thousands digit of 10823?
0
What is the tens digit of 5323?
2
What is the units digit of 1870?
0
What is the thousands digit of 109360?
9
What is the hundreds digit of 1280?
2
What is the thousands digit of 30778?
0
What is the hundreds digit of 1474?
4
What is the tens digit of 1768?
6
What is the units digit of 97046?
6
What is the units digit of 15499?
9
What is the hundreds digit of 2280?
2
What is the thousands digit of 10389?
0
What is the thousands digit of 2589?
2
What is the hundreds digit of 73388?
3
What is the hundreds digit of 9092?
0
What is the thousands digit of 34899?
4
What is the units digit of 180877?
7
What is the tens digit of 645?
4
What is the units digit of 2366?
6
What is the tens digit of 39445?
4
What is the units digit of 25157?
7
What is the hundreds digit of 350?
3
What is the thousands digit of 11441?
1
What is the tens digit of 4039?
3
What is the hundreds digit of 7618?
6
What is the ten thousands digit of 61402?
6
What 